{"id":98,"date":"2018-11-16T17:28:09","date_gmt":"2018-11-16T17:28:09","guid":{"rendered":"http:\/\/www.itei.org.mx\/v3\/micrositios\/sea\/?page_id=98"},"modified":"2022-11-03T12:48:02","modified_gmt":"2022-11-03T18:48:02","slug":"sitios-de-interes","status":"publish","type":"page","link":"https:\/\/www.itei.org.mx\/v3\/micrositios\/sea\/sitios-de-interes\/","title":{"rendered":"Sitios de inter\u00e9s"},"content":{"rendered":"<p><strong>Sistema Nacional Anticorrupci\u00f3n<\/strong><br \/>\n<a href=\"http:\/\/sna.org.mx\/\">http:\/\/sna.org.mx\/<\/a><\/p>\n<p><strong>Comit\u00e9 de Participaci\u00f3n Ciudadana del Sistema Nacional Anticorrupci\u00f3n<\/strong><br \/>\n<a href=\"http:\/\/cpc.org.mx\/\">http:\/\/cpc.org.mx\/<\/a><\/p>\n<p><strong>Secretar\u00eda de la Funci\u00f3n P\u00fablica<\/strong><br \/>\n<a href=\"https:\/\/www.gob.mx\/sfp\">https:\/\/www.gob.mx\/sfp<\/a><\/p>\n<p><strong>Auditor\u00eda Superior de la Federaci\u00f3n<\/strong><br \/>\n<a href=\"http:\/\/www.asf.gob.mx\/Default\/Index\">http:\/\/www.asf.gob.mx\/Default\/Index<\/a><\/p>\n<p><strong>Instituto Nacional de Transparencia, Acceso a la Informaci\u00f3n y Protecci\u00f3n de Datos Personales<\/strong><br \/>\n<a href=\"http:\/\/inicio.ifai.org.mx\/SitePages\/ifai.aspx\">http:\/\/inicio.ifai.org.mx\/SitePages\/ifai.aspx<\/a><\/p>\n<p><strong>Consejo de la Judicatura Federal<\/strong><br \/>\n<a href=\"http:\/\/www.cjf.gob.mx\/\">http:\/\/www.cjf.gob.mx\/<\/a><\/p>\n<p><strong>Tribunal Federal de Justicia Administrativa<\/strong><br \/>\n<a href=\"http:\/\/www.tfja.gob.mx\/\">http:\/\/www.tfja.gob.mx\/<\/a><\/p>\n<p><strong>Sistema Estatal Anticorrupci\u00f3n del Estado de Jalisco<\/strong><br \/>\n<a href=\"http:\/\/www.seajal.org\">http:\/\/www.seajal.org<\/a><\/p>\n<p><strong>Comit\u00e9 de Participaci\u00f3n Social del Sistema Estatal Anticorrupci\u00f3n del Estado de Jalisco<\/strong><br \/>\n<a href=\"https:\/\/cps.seajal.org\/\">https:\/\/cps.seajal.org\/<\/a><\/p>\n<p><strong>Secretar\u00eda Ejecutiva del Sistema Estatal Anticorrupci\u00f3n del Estado de Jalisco<\/strong><br \/>\n<a href=\"http:\/\/www.sesaj.org\">http:\/\/www.sesaj.org<\/a><\/p>\n<p><strong>Auditor\u00eda Superior del Estado de Jalisco<\/strong><br \/>\n<a href=\"http:\/\/www.asej.gob.mx\">http:\/\/www.asej.gob.mx<\/a><\/p>\n<p><strong>Fiscal\u00eda Especializada en Combate a la Corrupci\u00f3n del Estado de Jalisco<\/strong><br \/>\n<a href=\"http:\/\/www.fiscaliaanticorrupcion.jalisco.gob.mx\">http:\/\/www.fiscaliaanticorrupcion.jalisco.gob.mx<\/a><\/p>\n<p><strong>Contralor\u00eda del Estado de Jalisco<\/strong><br \/>\n<a href=\"http:\/\/www.ce.jalisco.gob.mx\">http:\/\/www.ce.jalisco.gob.mx<\/a><\/p>\n<p><strong>Consejo de la Judicatura del Poder Judicial del Estado de Jalisco<\/strong><br \/>\n<a href=\"http:\/\/www.cjj.gob.mx\">http:\/\/www.cjj.gob.mx<\/a><\/p>\n<p><strong>Tribunal de Justicia Administrativa del Estado de Jalisco<\/strong><br \/>\n<a href=\"http:\/\/www.tjajal.gob.mx\">http:\/\/www.tjajal.gob.mx<\/a><\/p>\n<p><strong>Instituto de Transparencia, Informaci\u00f3n P\u00fablica y Protecci\u00f3n de Datos Personales del Estado de Jalisco<\/strong><br \/>\n<a href=\"http:\/\/www.itei.org.mx\">http:\/\/www.itei.org.mx<\/a><\/p>\n<p><strong>Comisi\u00f3n de Selecci\u00f3n del Sistema Anticorrupci\u00f3n del Estado de Jalisco<br \/>\n<\/strong><a href=\"http:\/\/comisionsaejalisco.org\" target=\"_blank\" rel=\"noopener\">http:\/\/comisionsaejalisco.org<\/a><strong><br \/>\n<\/strong><\/p>\n","protected":false},"excerpt":{"rendered":"<p>Sistema Nacional Anticorrupci\u00f3n http:\/\/sna.org.mx\/ Comit\u00e9 de Participaci\u00f3n Ciudadana del Sistema Nacional Anticorrupci\u00f3n http:\/\/cpc.org.mx\/ Secretar\u00eda de la Funci\u00f3n P\u00fablica https:\/\/www.gob.mx\/sfp Auditor\u00eda Superior de la Federaci\u00f3n http:\/\/www.asf.gob.mx\/Default\/Index Instituto Nacional de Transparencia, Acceso a la Informaci\u00f3n y Protecci\u00f3n de Datos Personales http:\/\/inicio.ifai.org.mx\/SitePages\/ifai.aspx Consejo de la Judicatura Federal http:\/\/www.cjf.gob.mx\/ Tribunal Federal de Justicia Administrativa http:\/\/www.tfja.gob.mx\/ Sistema Estatal Anticorrupci\u00f3n del &hellip; <\/p>\n<p class=\"link-more\"><a href=\"https:\/\/www.itei.org.mx\/v3\/micrositios\/sea\/sitios-de-interes\/\" class=\"more-link\">Continuar leyendo<span class=\"screen-reader-text\"> \u00abSitios de inter\u00e9s\u00bb<\/span><\/a><\/p>\n","protected":false},"author":1,"featured_media":0,"parent":0,"menu_order":0,"comment_status":"closed","ping_status":"closed","template":"","meta":[],"_links":{"self":[{"href":"https:\/\/www.itei.org.mx\/v3\/micrositios\/sea\/wp-json\/wp\/v2\/pages\/98"}],"collection":[{"href":"https:\/\/www.itei.org.mx\/v3\/micrositios\/sea\/wp-json\/wp\/v2\/pages"}],"about":[{"href":"https:\/\/www.itei.org.mx\/v3\/micrositios\/sea\/wp-json\/wp\/v2\/types\/page"}],"author":[{"embeddable":true,"href":"https:\/\/www.itei.org.mx\/v3\/micrositios\/sea\/wp-json\/wp\/v2\/users\/1"}],"replies":[{"embeddable":true,"href":"https:\/\/www.itei.org.mx\/v3\/micrositios\/sea\/wp-json\/wp\/v2\/comments?post=98"}],"version-history":[{"count":6,"href":"https:\/\/www.itei.org.mx\/v3\/micrositios\/sea\/wp-json\/wp\/v2\/pages\/98\/revisions"}],"predecessor-version":[{"id":945,"href":"https:\/\/www.itei.org.mx\/v3\/micrositios\/sea\/wp-json\/wp\/v2\/pages\/98\/revisions\/945"}],"wp:attachment":[{"href":"https:\/\/www.itei.org.mx\/v3\/micrositios\/sea\/wp-json\/wp\/v2\/media?parent=98"}],"curies":[{"name":"wp","href":"https:\/\/api.w.org\/{rel}","templated":true}]}}