{"id":87,"date":"2018-11-16T17:26:21","date_gmt":"2018-11-16T17:26:21","guid":{"rendered":"http:\/\/www.itei.org.mx\/v3\/micrositios\/sea\/?page_id=87"},"modified":"2022-11-01T10:58:16","modified_gmt":"2022-11-01T16:58:16","slug":"recomendaciones","status":"publish","type":"page","link":"https:\/\/www.itei.org.mx\/v3\/micrositios\/sea\/transparencia\/recomendaciones\/","title":{"rendered":"Recomendaciones"},"content":{"rendered":"\n<h2><strong>2021<\/strong><\/h2>\n\n\n\n<div class=\"wp-block-file\"><a href=\"http:\/\/www.itei.org.mx\/v3\/micrositios\/sea\/wp-content\/uploads\/2022\/11\/clasificacion_conclusion_recomendaciones.pdf\">Clasificaci\u00f3n de respuestas y criterios para determinar la conclusi\u00f3n de las recomendaciones no vinculantes del Comit\u00e9 Coordinador<\/a><\/div>\n\n\n\n<h2><strong>2020<\/strong><\/h2>\n\n\n\n<div class=\"wp-block-file\"><a href=\"https:\/\/sesaj.org\/sites\/default\/files\/recomendaciones\/2020\/Recomendacion_Contralorias_Sociales_de_%20los_Municipios.pdf\">Fortalecimiento de las Contralor\u00edas Sociales en los Municipios<\/a><\/div>\n\n\n\n<div class=\"wp-block-file\"><a href=\"http:\/\/www.itei.org.mx\/v3\/micrositios\/sea\/wp-content\/uploads\/2020\/08\/Opinio\u0301n-te\u0301cnica-juri\u0301dica-Reforma-2.0.pdf\">Opinio\u0301n Te\u0301cnica Juri\u0301dica Reforma 2.0<\/a><\/div>\n\n\n\n<div class=\"wp-block-file\"><a href=\"http:\/\/www.itei.org.mx\/v3\/micrositios\/sea\/wp-content\/uploads\/2020\/08\/Recomendaci\u00f3n-Fortalecer-las-Defensor\u00edas-de-Oficio.pdf\">Recomendaci\u00f3n para completar y fortalecer la Defensor\u00eda de Oficio en los Procedimientos de Responsabilidades Administrativas<\/a><\/div>\n\n\n\n<div class=\"wp-block-file\"><a href=\"https:\/\/www.sesaj.org\/sites\/default\/files\/recomendaciones\/2020\/mitigar_riesgos_corrupcion.pdf\">Puntos cruciales y buenas pr\u00e1cticas para mitigar los riesgos de corrupci\u00f3n<\/a><\/div>\n\n\n\n<h2><strong>2019<\/strong><\/h2>\n\n\n\n<div class=\"wp-block-file\"><a href=\"http:\/\/www.itei.org.mx\/v3\/micrositios\/sea\/wp-content\/uploads\/2019\/03\/01-Recomendacion-eleccion-de-jueces-y-magistrados-al-Congreso-del-Estado.pdf\">Recomendaci\u00f3n al Congreso del Estado de Jalisco sobre la elecci\u00f3n de los Magistrados del Tribunal de Justicia Administrativa<\/a><\/div>\n\n\n\n<div class=\"wp-block-file\"><a href=\"http:\/\/www.itei.org.mx\/v3\/micrositios\/sea\/wp-content\/uploads\/2019\/03\/03-Recomendacion-acerca-de-la-reforma-a-la-Constitucion-Politica-y-a-la-Ley-Organica-de-la-Fiscalia-General-del-Estado-de-Jalisco.pdf\">Recomendaci\u00f3n al Congreso del Estado de Jalisco acerca de la Reforma a la Constituci\u00f3n Pol\u00edtica y a la Ley Org\u00e1nica de la Fiscal\u00eda General del Estado de Jalisco<\/a><\/div>\n\n\n\n<h2><strong>2018<\/strong><\/h2>\n\n\n\n<div class=\"wp-block-file\"><a href=\"https:\/\/sesaj.org\/sites\/default\/files\/recomendaciones\/2019\/fortalecimiento_institucional_oic.pdf\">Fortalecimiento Institucional de los \u00d3rganos Internos de Control<\/a><\/div>\n","protected":false},"excerpt":{"rendered":"<p>2021 Clasificaci\u00f3n de respuestas y criterios para determinar la conclusi\u00f3n de las recomendaciones no vinculantes del Comit\u00e9 Coordinador 2020 Fortalecimiento de las Contralor\u00edas Sociales en los Municipios Opinio\u0301n Te\u0301cnica Juri\u0301dica Reforma 2.0 Recomendaci\u00f3n para completar y fortalecer la Defensor\u00eda de Oficio en los Procedimientos de Responsabilidades Administrativas Puntos cruciales y buenas pr\u00e1cticas para mitigar los &hellip; <\/p>\n<p class=\"link-more\"><a href=\"https:\/\/www.itei.org.mx\/v3\/micrositios\/sea\/transparencia\/recomendaciones\/\" class=\"more-link\">Continuar leyendo<span class=\"screen-reader-text\"> \u00abRecomendaciones\u00bb<\/span><\/a><\/p>\n","protected":false},"author":1,"featured_media":0,"parent":53,"menu_order":0,"comment_status":"closed","ping_status":"closed","template":"","meta":[],"_links":{"self":[{"href":"https:\/\/www.itei.org.mx\/v3\/micrositios\/sea\/wp-json\/wp\/v2\/pages\/87"}],"collection":[{"href":"https:\/\/www.itei.org.mx\/v3\/micrositios\/sea\/wp-json\/wp\/v2\/pages"}],"about":[{"href":"https:\/\/www.itei.org.mx\/v3\/micrositios\/sea\/wp-json\/wp\/v2\/types\/page"}],"author":[{"embeddable":true,"href":"https:\/\/www.itei.org.mx\/v3\/micrositios\/sea\/wp-json\/wp\/v2\/users\/1"}],"replies":[{"embeddable":true,"href":"https:\/\/www.itei.org.mx\/v3\/micrositios\/sea\/wp-json\/wp\/v2\/comments?post=87"}],"version-history":[{"count":9,"href":"https:\/\/www.itei.org.mx\/v3\/micrositios\/sea\/wp-json\/wp\/v2\/pages\/87\/revisions"}],"predecessor-version":[{"id":906,"href":"https:\/\/www.itei.org.mx\/v3\/micrositios\/sea\/wp-json\/wp\/v2\/pages\/87\/revisions\/906"}],"up":[{"embeddable":true,"href":"https:\/\/www.itei.org.mx\/v3\/micrositios\/sea\/wp-json\/wp\/v2\/pages\/53"}],"wp:attachment":[{"href":"https:\/\/www.itei.org.mx\/v3\/micrositios\/sea\/wp-json\/wp\/v2\/media?parent=87"}],"curies":[{"name":"wp","href":"https:\/\/api.w.org\/{rel}","templated":true}]}}

<h2><strong>2021</strong></h2>



<div class="wp-block-file"><a href="http://www.itei.org.mx/v3/micrositios/sea/wp-content/uploads/2022/11/clasificacion_conclusion_recomendaciones.pdf">Clasificación de respuestas y criterios para determinar la conclusión de las recomendaciones no vinculantes del Comité Coordinador</a></div>



<h2><strong>2020</strong></h2>



<div class="wp-block-file"><a href="https://sesaj.org/sites/default/files/recomendaciones/2020/Recomendacion_Contralorias_Sociales_de_%20los_Municipios.pdf">Fortalecimiento de las Contralorías Sociales en los Municipios</a></div>



<div class="wp-block-file"><a href="http://www.itei.org.mx/v3/micrositios/sea/wp-content/uploads/2020/08/Opinión-técnica-jurídica-Reforma-2.0.pdf">Opinión Técnica Jurídica Reforma 2.0</a></div>



<div class="wp-block-file"><a href="http://www.itei.org.mx/v3/micrositios/sea/wp-content/uploads/2020/08/Recomendación-Fortalecer-las-Defensorías-de-Oficio.pdf">Recomendación para completar y fortalecer la Defensoría de Oficio en los Procedimientos de Responsabilidades Administrativas</a></div>



<div class="wp-block-file"><a href="https://www.sesaj.org/sites/default/files/recomendaciones/2020/mitigar_riesgos_corrupcion.pdf">Puntos cruciales y buenas prácticas para mitigar los riesgos de corrupción</a></div>



<h2><strong>2019</strong></h2>



<div class="wp-block-file"><a href="http://www.itei.org.mx/v3/micrositios/sea/wp-content/uploads/2019/03/01-Recomendacion-eleccion-de-jueces-y-magistrados-al-Congreso-del-Estado.pdf">Recomendación al Congreso del Estado de Jalisco sobre la elección de los Magistrados del Tribunal de Justicia Administrativa</a></div>



<div class="wp-block-file"><a href="http://www.itei.org.mx/v3/micrositios/sea/wp-content/uploads/2019/03/03-Recomendacion-acerca-de-la-reforma-a-la-Constitucion-Politica-y-a-la-Ley-Organica-de-la-Fiscalia-General-del-Estado-de-Jalisco.pdf">Recomendación al Congreso del Estado de Jalisco acerca de la Reforma a la Constitución Política y a la Ley Orgánica de la Fiscalía General del Estado de Jalisco</a></div>



<h2><strong>2018</strong></h2>



<div class="wp-block-file"><a href="https://sesaj.org/sites/default/files/recomendaciones/2019/fortalecimiento_institucional_oic.pdf">Fortalecimiento Institucional de los Órganos Internos de Control</a></div>

<p>2021 Clasificación de respuestas y criterios para determinar la conclusión de las recomendaciones no vinculantes del Comité Coordinador 2020 Fortalecimiento de las Contralorías Sociales en los Municipios Opinión Técnica Jurídica Reforma 2.0 Recomendación para completar y fortalecer la Defensoría de Oficio en los Procedimientos de Responsabilidades Administrativas Puntos cruciales y buenas prácticas para mitigar los &hellip; </p>
<p class="link-more"><a href="https://www.itei.org.mx/v3/micrositios/sea/transparencia/recomendaciones/" class="more-link">Continuar leyendo<span class="screen-reader-text"> «Recomendaciones»</span></a></p>
