{"id":67,"date":"2018-11-16T17:22:29","date_gmt":"2018-11-16T17:22:29","guid":{"rendered":"http:\/\/www.itei.org.mx\/v3\/micrositios\/sea\/?page_id=67"},"modified":"2023-02-28T12:22:09","modified_gmt":"2023-02-28T18:22:09","slug":"directorio","status":"publish","type":"page","link":"https:\/\/www.itei.org.mx\/v3\/micrositios\/sea\/transparencia\/directorio\/","title":{"rendered":"Directorio"},"content":{"rendered":"\n<figure class=\"wp-block-image size-large is-resized is-style-default\"><a href=\"https:\/\/www.itei.org.mx\/v3\/micrositios\/sea\/wp-content\/uploads\/2022\/11\/nancy_vazquez.jpg\"><img loading=\"lazy\" src=\"https:\/\/www.itei.org.mx\/v3\/micrositios\/sea\/wp-content\/uploads\/2022\/11\/nancy_vazquez.jpg\" alt=\"\" class=\"wp-image-941\" width=\"160\" height=\"160\" srcset=\"https:\/\/www.itei.org.mx\/v3\/micrositios\/sea\/wp-content\/uploads\/2022\/11\/nancy_vazquez.jpg 356w, https:\/\/www.itei.org.mx\/v3\/micrositios\/sea\/wp-content\/uploads\/2022\/11\/nancy_vazquez-300x300.jpg 300w, https:\/\/www.itei.org.mx\/v3\/micrositios\/sea\/wp-content\/uploads\/2022\/11\/nancy_vazquez-150x150.jpg 150w, https:\/\/www.itei.org.mx\/v3\/micrositios\/sea\/wp-content\/uploads\/2022\/11\/nancy_vazquez-100x100.jpg 100w\" sizes=\"(max-width: 160px) 100vw, 160px\" \/><\/a><\/figure>\n\n\n\n<p class=\"has-text-align-left\"><strong><strong>Nancy Garc\u00eda V\u00e1zquez<\/strong><\/strong><br><em>Presidenta del Comit\u00e9 Coordinador del SEAJAL<\/em><br><em>Presidenta del \u00d3rgano de Gobierno de la Secretar\u00eda Ejecutiva del SEAJAL<br>Presidenta del Comit\u00e9 de Participaci\u00f3n Social<br><\/em><a href=\"mailto:nancy.garcia@cps.seajal.org\"><\/a><a rel=\"noreferrer noopener\" href=\"mailto:jesus.ibarra@cpsjalisco.org\" target=\"_blank\">nancy.garcia@cps.seajal.org<\/a><br>Redes sociales: @NancyGarv<br><a href=\"http:\/\/cpsjalisco.org\/\">cpsjalisco.org\/<\/a><br>33 2472 6011 y 33 2472 6012<br>Direcci\u00f3n: Av. Arcos #767, Col. Jardines del Bosque, C.P. 44520, Guadalajara, Jal.<\/p>\n\n\n\n<p><img loading=\"lazy\" width=\"500\" height=\"500\" class=\"wp-image-581\" style=\"width: 150px;\" src=\"http:\/\/www.itei.org.mx\/v3\/micrositios\/sea\/wp-content\/uploads\/2020\/08\/SEAJal-Jorge-Ortiz_1.png\" alt=\"\" srcset=\"https:\/\/www.itei.org.mx\/v3\/micrositios\/sea\/wp-content\/uploads\/2020\/08\/SEAJal-Jorge-Ortiz_1.png 500w, https:\/\/www.itei.org.mx\/v3\/micrositios\/sea\/wp-content\/uploads\/2020\/08\/SEAJal-Jorge-Ortiz_1-300x300.png 300w, https:\/\/www.itei.org.mx\/v3\/micrositios\/sea\/wp-content\/uploads\/2020\/08\/SEAJal-Jorge-Ortiz_1-150x150.png 150w, https:\/\/www.itei.org.mx\/v3\/micrositios\/sea\/wp-content\/uploads\/2020\/08\/SEAJal-Jorge-Ortiz_1-100x100.png 100w\" sizes=\"(max-width: 500px) 100vw, 500px\" \/><br><strong>Jorge Alejandro Ortiz Ram\u00edrez<\/strong><br><em>Auditor Superior del Estado de Jalisco<\/em><br><a href=\"mailto:jortiz@asej.gob.mx\">jortiz@asej.gob.mx<\/a><br>01 (33) 3679-4500, Ext. 1941<br>Redes sociales: @JorgeAOrtizRmz<br><a href=\"http:\/\/www.asej.gob.mx\">www.asej.gob.mx\/<\/a><br>Direcci\u00f3n:  Av. Ni\u00f1os H\u00e9roes #2409, Col. Moderna, 44190, Guadalajara, Jal. <\/p>\n\n\n\n<p><img loading=\"lazy\" width=\"500\" height=\"500\" class=\"wp-image-582\" style=\"width: 150px;\" src=\"http:\/\/www.itei.org.mx\/v3\/micrositios\/sea\/wp-content\/uploads\/2020\/08\/SEAJal-Gerardo-Ignacio-de-la-Cruz-Tovar_0.png\" alt=\"\" srcset=\"https:\/\/www.itei.org.mx\/v3\/micrositios\/sea\/wp-content\/uploads\/2020\/08\/SEAJal-Gerardo-Ignacio-de-la-Cruz-Tovar_0.png 500w, https:\/\/www.itei.org.mx\/v3\/micrositios\/sea\/wp-content\/uploads\/2020\/08\/SEAJal-Gerardo-Ignacio-de-la-Cruz-Tovar_0-300x300.png 300w, https:\/\/www.itei.org.mx\/v3\/micrositios\/sea\/wp-content\/uploads\/2020\/08\/SEAJal-Gerardo-Ignacio-de-la-Cruz-Tovar_0-150x150.png 150w, https:\/\/www.itei.org.mx\/v3\/micrositios\/sea\/wp-content\/uploads\/2020\/08\/SEAJal-Gerardo-Ignacio-de-la-Cruz-Tovar_0-100x100.png 100w\" sizes=\"(max-width: 500px) 100vw, 500px\" \/><br><strong>Gerardo Ignacio de la Cruz Tovar<\/strong><br><em>Fiscal\u00eda Especializada de Combate a la Corrupci\u00f3n<\/em><br><a href=\"mailto:gerardo.delacruz@jalisco.gob.mx\">gerardo.delacruz@jalisco.gob.mx<\/a><br>01 (33) 3837-6000<br>Redes sociales: Sin informaci\u00f3n<br><a href=\"https:\/\/fiscaliaanticorrupcion.jalisco.gob.mx\/\">https:\/\/fiscaliaanticorrupcion.jalisco.gob.mx\/<\/a><br>Direcci\u00f3n: Amado Aguirre #857, Col. Jardines Alcalde, C.P. 44298, Guadalajara, Jal.<\/p>\n\n\n\n<p><img loading=\"lazy\" width=\"500\" height=\"500\" class=\"wp-image-583\" style=\"width: 150px;\" src=\"http:\/\/www.itei.org.mx\/v3\/micrositios\/sea\/wp-content\/uploads\/2020\/08\/SEAJal-Maria-Teresa-Brito-Serrano.png\" alt=\"\" srcset=\"https:\/\/www.itei.org.mx\/v3\/micrositios\/sea\/wp-content\/uploads\/2020\/08\/SEAJal-Maria-Teresa-Brito-Serrano.png 500w, https:\/\/www.itei.org.mx\/v3\/micrositios\/sea\/wp-content\/uploads\/2020\/08\/SEAJal-Maria-Teresa-Brito-Serrano-300x300.png 300w, https:\/\/www.itei.org.mx\/v3\/micrositios\/sea\/wp-content\/uploads\/2020\/08\/SEAJal-Maria-Teresa-Brito-Serrano-150x150.png 150w, https:\/\/www.itei.org.mx\/v3\/micrositios\/sea\/wp-content\/uploads\/2020\/08\/SEAJal-Maria-Teresa-Brito-Serrano-100x100.png 100w\" sizes=\"(max-width: 500px) 100vw, 500px\" \/><br><strong>Mar\u00eda Teresa Brito Serrano<\/strong><br><em>Contralora del Estado de Jalisco<\/em><br><a href=\"mailto:maria.brito@jalisco.gob.mx\">maria.brito@jalisco.gob.mx<\/a><br>01 (33) 1543-9470 \/ Ext. 50728<br>Redes sociales: @MtereBritoS<br><a href=\"https:\/\/ce.jalisco.gob.mx\/\">ce.jalisco.gob.mx\/<\/a><br>Direcci\u00f3n: Av. Ignacio L. Vallarta  #1252, Col. Americana, C.P. 44160, Guadalajara, Jal. <\/p>\n\n\n\n<p><img loading=\"lazy\" width=\"500\" height=\"500\" class=\"wp-image-814\" style=\"width: 150px;\" src=\"http:\/\/www.itei.org.mx\/v3\/micrositios\/sea\/wp-content\/uploads\/2021\/06\/Daniel_espinosaCircle.png\" alt=\"\" srcset=\"https:\/\/www.itei.org.mx\/v3\/micrositios\/sea\/wp-content\/uploads\/2021\/06\/Daniel_espinosaCircle.png 500w, https:\/\/www.itei.org.mx\/v3\/micrositios\/sea\/wp-content\/uploads\/2021\/06\/Daniel_espinosaCircle-300x300.png 300w, https:\/\/www.itei.org.mx\/v3\/micrositios\/sea\/wp-content\/uploads\/2021\/06\/Daniel_espinosaCircle-150x150.png 150w, https:\/\/www.itei.org.mx\/v3\/micrositios\/sea\/wp-content\/uploads\/2021\/06\/Daniel_espinosaCircle-100x100.png 100w\" sizes=\"(max-width: 500px) 100vw, 500px\" \/><br><strong><strong>Daniel Espinosa Lic\u00f3n<\/strong><br><\/strong><em>Presidente del Consejo de la Judicatura del Estado de Jalisco<\/em><br><a href=\"mailto:presidente.ricardosuro@cjj.gob.mx\">relatoria.presidencia@cjj.gob.mx<\/a><strong><br><\/strong>01 (33) 3001-2345, Ext. 2300<br>Redes sociales: @EspinosaLicon<br><a href=\"http:\/\/cjj.gob.mx\/\">cjj.gob.mx\/<\/a><br>Direcci\u00f3n: Calle Degollado #14, Zona Centro, C.P. 44100, Guadalajara, Jal. <\/p>\n\n\n\n<p><img loading=\"lazy\" width=\"400\" height=\"400\" class=\"wp-image-867\" style=\"width: 150px;\" src=\"http:\/\/www.itei.org.mx\/v3\/micrositios\/sea\/wp-content\/uploads\/2022\/08\/salvador_romero_sea.jpg\" alt=\"\" srcset=\"https:\/\/www.itei.org.mx\/v3\/micrositios\/sea\/wp-content\/uploads\/2022\/08\/salvador_romero_sea.jpg 400w, https:\/\/www.itei.org.mx\/v3\/micrositios\/sea\/wp-content\/uploads\/2022\/08\/salvador_romero_sea-300x300.jpg 300w, https:\/\/www.itei.org.mx\/v3\/micrositios\/sea\/wp-content\/uploads\/2022\/08\/salvador_romero_sea-150x150.jpg 150w, https:\/\/www.itei.org.mx\/v3\/micrositios\/sea\/wp-content\/uploads\/2022\/08\/salvador_romero_sea-100x100.jpg 100w\" sizes=\"(max-width: 400px) 100vw, 400px\" \/><br><strong>Salvador Romero Espinosa<\/strong><br><em>Presidente del Instituto de Transparencia, Informaci\u00f3n P\u00fablica y Protecci\u00f3n de Datos Personales del Estado de Jalisco<\/em><br><a href=\"mailto:salvador.romero@itei.org.mx\">salvador.romero@itei.org.mx<\/a><br>01 (33) 3630-5745, Ext. 1100<br>Redes sociales: @chavaromero<br><a href=\"https:\/\/www.itei.org.mx\/\">www.itei.org.mx\/<\/a><br>Direcci\u00f3n:  Av. Ignacio L. Vallarta #1312, Col. Americana, C.P. 44160, Guadalajara, Jal. <\/p>\n\n\n\n<p><img loading=\"lazy\" width=\"463\" height=\"463\" class=\"wp-image-870\" style=\"width: 150px;\" src=\"http:\/\/www.itei.org.mx\/v3\/micrositios\/sea\/wp-content\/uploads\/2022\/08\/fany_jimenez_sea.jpg\" alt=\"\" srcset=\"https:\/\/www.itei.org.mx\/v3\/micrositios\/sea\/wp-content\/uploads\/2022\/08\/fany_jimenez_sea.jpg 463w, https:\/\/www.itei.org.mx\/v3\/micrositios\/sea\/wp-content\/uploads\/2022\/08\/fany_jimenez_sea-300x300.jpg 300w, https:\/\/www.itei.org.mx\/v3\/micrositios\/sea\/wp-content\/uploads\/2022\/08\/fany_jimenez_sea-150x150.jpg 150w, https:\/\/www.itei.org.mx\/v3\/micrositios\/sea\/wp-content\/uploads\/2022\/08\/fany_jimenez_sea-100x100.jpg 100w\" sizes=\"(max-width: 463px) 100vw, 463px\" \/><br><strong>Fany Lorena Jim\u00e9nez Aguirre<\/strong><br><em>Presidenta del Tribunal de Justicia Administrativa del Estado de Jalisco<\/em><br>f<a href=\"mailto:fany.jimenez@tjajal.org\">any.jimenez@tjajal.org<\/a><br><a href=\"mailto:presidencia@tjajal.org\">presidencia@tjajal.org<\/a><br>01 (33) 3648-1670, Ext. 110<br><a href=\"http:\/\/portal.tjajal.org\/\">http:\/\/portal.tjajal.org\/<\/a><br>Direcci\u00f3n:  Av. Ni\u00f1os H\u00e9roes #2663, Col. Jardines del Bosque, 44520, Guadalajara, Jal.  <\/p>\n\n\n\n<p><img class=\"wp-image-587\" style=\"width: 150px;\" src=\"http:\/\/www.itei.org.mx\/v3\/micrositios\/sea\/wp-content\/uploads\/2023\/02\/gilberto_tinajero.jpg\" alt=\"\"><br><strong>Gilberto Tinajero D\u00edaz<\/strong><br><em> Secretario T\u00e9cnico de la Secretar\u00eda Ejecutiva del Sistema Anticorrupci\u00f3n del Estado de Jalisco<\/em><br><a href=\"mailto:gilberto.tinajero@sesaj.org\">gilberto.tinajero@sesaj.org<\/a><br>01 (33) 3668-1633, Ext. 50740 <br><a href=\"http:\/\/seajal.org\/\">http:\/\/seajal.org\/<\/a><br>Direcci\u00f3n: Av. Arcos #767, Col. Jardines del Bosque, C.P. 44520, Guadalajara, Jal.<\/p>\n\n\n\n<p><img loading=\"lazy\" width=\"290\" height=\"174\" class=\"wp-image-595\" style=\"width: 150px;\" src=\"http:\/\/www.itei.org.mx\/v3\/micrositios\/sea\/wp-content\/uploads\/2020\/08\/Comisi\u00f3n-de-Selecci\u00f3n.png\" alt=\"\"><br><strong>Comisi\u00f3n de Selecci\u00f3n<\/strong><br> <a href=\"mailto:contacto@comisionsaejalisco.org\">contacto@comisionsaejalisco.org<\/a><br> <a href=\"http:\/\/comisionsaejalisco.org\/\">http:\/\/comisionsaejalisco.org\/<\/a> <\/p>\n","protected":false},"excerpt":{"rendered":"<p>Nancy Garc\u00eda V\u00e1zquezPresidenta del Comit\u00e9 Coordinador del SEAJALPresidenta del \u00d3rgano de Gobierno de la Secretar\u00eda Ejecutiva del SEAJALPresidenta del Comit\u00e9 de Participaci\u00f3n Socialnancy.garcia@cps.seajal.orgRedes sociales: @NancyGarvcpsjalisco.org\/33 2472 6011 y 33 2472 6012Direcci\u00f3n: Av. Arcos #767, Col. Jardines del Bosque, C.P. 44520, Guadalajara, Jal. Jorge Alejandro Ortiz Ram\u00edrezAuditor Superior del Estado de Jaliscojortiz@asej.gob.mx01 (33) 3679-4500, Ext. 1941Redes &hellip; <\/p>\n<p class=\"link-more\"><a href=\"https:\/\/www.itei.org.mx\/v3\/micrositios\/sea\/transparencia\/directorio\/\" class=\"more-link\">Continuar leyendo<span class=\"screen-reader-text\"> \u00abDirectorio\u00bb<\/span><\/a><\/p>\n","protected":false},"author":1,"featured_media":0,"parent":53,"menu_order":0,"comment_status":"closed","ping_status":"closed","template":"","meta":[],"_links":{"self":[{"href":"https:\/\/www.itei.org.mx\/v3\/micrositios\/sea\/wp-json\/wp\/v2\/pages\/67"}],"collection":[{"href":"https:\/\/www.itei.org.mx\/v3\/micrositios\/sea\/wp-json\/wp\/v2\/pages"}],"about":[{"href":"https:\/\/www.itei.org.mx\/v3\/micrositios\/sea\/wp-json\/wp\/v2\/types\/page"}],"author":[{"embeddable":true,"href":"https:\/\/www.itei.org.mx\/v3\/micrositios\/sea\/wp-json\/wp\/v2\/users\/1"}],"replies":[{"embeddable":true,"href":"https:\/\/www.itei.org.mx\/v3\/micrositios\/sea\/wp-json\/wp\/v2\/comments?post=67"}],"version-history":[{"count":37,"href":"https:\/\/www.itei.org.mx\/v3\/micrositios\/sea\/wp-json\/wp\/v2\/pages\/67\/revisions"}],"predecessor-version":[{"id":1013,"href":"https:\/\/www.itei.org.mx\/v3\/micrositios\/sea\/wp-json\/wp\/v2\/pages\/67\/revisions\/1013"}],"up":[{"embeddable":true,"href":"https:\/\/www.itei.org.mx\/v3\/micrositios\/sea\/wp-json\/wp\/v2\/pages\/53"}],"wp:attachment":[{"href":"https:\/\/www.itei.org.mx\/v3\/micrositios\/sea\/wp-json\/wp\/v2\/media?parent=67"}],"curies":[{"name":"wp","href":"https:\/\/api.w.org\/{rel}","templated":true}]}}