{"id":630,"date":"2020-08-04T14:28:51","date_gmt":"2020-08-04T19:28:51","guid":{"rendered":"http:\/\/www.itei.org.mx\/v3\/micrositios\/sea\/?page_id=630"},"modified":"2022-11-01T10:59:36","modified_gmt":"2022-11-01T16:59:36","slug":"programas-de-trabajo","status":"publish","type":"page","link":"https:\/\/www.itei.org.mx\/v3\/micrositios\/sea\/programas-de-trabajo\/","title":{"rendered":"Programas de Trabajo"},"content":{"rendered":"\n<div class=\"wp-block-file\"><a href=\"http:\/\/www.itei.org.mx\/v3\/micrositios\/sea\/wp-content\/uploads\/2022\/11\/PTA_CC_2022.pdf\">Programa de Trabajo del Comit\u00e9 Coordinador 2022<\/a><\/div>\n\n\n\n<div class=\"wp-block-file\"><a href=\"https:\/\/www.sesaj.org\/sites\/default\/files\/2021\/programa_trabajo\/PTA_CC_2021-Documento.pdf\">Programa de Trabajo del Comit\u00e9 Coordinador 2021<\/a><\/div>\n\n\n\n<div class=\"wp-block-file\"><a href=\"http:\/\/www.itei.org.mx\/v3\/micrositios\/sea\/wp-content\/uploads\/2020\/08\/Programa-de-Trabajo-CC-2020.pdf\">Programa de Trabajo del Comit\u00e9 Coordinador 2020<\/a><\/div>\n\n\n\n<div class=\"wp-block-file\"><a href=\"http:\/\/www.itei.org.mx\/v3\/micrositios\/sea\/wp-content\/uploads\/2020\/08\/Programa-de-Trabajo-CC-2019.pdf\">Programa de Trabajo del Comit\u00e9 Coordinador 2019<\/a><\/div>\n\n\n\n<p><\/p>\n","protected":false},"excerpt":{"rendered":"<p>Programa de Trabajo del Comit\u00e9 Coordinador 2022 Programa de Trabajo del Comit\u00e9 Coordinador 2021 Programa de Trabajo del Comit\u00e9 Coordinador 2020 Programa de Trabajo del Comit\u00e9 Coordinador 2019<\/p>\n","protected":false},"author":2,"featured_media":0,"parent":0,"menu_order":0,"comment_status":"closed","ping_status":"closed","template":"","meta":[],"_links":{"self":[{"href":"https:\/\/www.itei.org.mx\/v3\/micrositios\/sea\/wp-json\/wp\/v2\/pages\/630"}],"collection":[{"href":"https:\/\/www.itei.org.mx\/v3\/micrositios\/sea\/wp-json\/wp\/v2\/pages"}],"about":[{"href":"https:\/\/www.itei.org.mx\/v3\/micrositios\/sea\/wp-json\/wp\/v2\/types\/page"}],"author":[{"embeddable":true,"href":"https:\/\/www.itei.org.mx\/v3\/micrositios\/sea\/wp-json\/wp\/v2\/users\/2"}],"replies":[{"embeddable":true,"href":"https:\/\/www.itei.org.mx\/v3\/micrositios\/sea\/wp-json\/wp\/v2\/comments?post=630"}],"version-history":[{"count":4,"href":"https:\/\/www.itei.org.mx\/v3\/micrositios\/sea\/wp-json\/wp\/v2\/pages\/630\/revisions"}],"predecessor-version":[{"id":908,"href":"https:\/\/www.itei.org.mx\/v3\/micrositios\/sea\/wp-json\/wp\/v2\/pages\/630\/revisions\/908"}],"wp:attachment":[{"href":"https:\/\/www.itei.org.mx\/v3\/micrositios\/sea\/wp-json\/wp\/v2\/media?parent=630"}],"curies":[{"name":"wp","href":"https:\/\/api.w.org\/{rel}","templated":true}]}}