{"id":609,"date":"2020-08-04T13:40:51","date_gmt":"2020-08-04T18:40:51","guid":{"rendered":"http:\/\/www.itei.org.mx\/v3\/micrositios\/sea\/?page_id=609"},"modified":"2023-01-10T14:25:00","modified_gmt":"2023-01-10T20:25:00","slug":"organo-de-gobierno","status":"publish","type":"page","link":"https:\/\/www.itei.org.mx\/v3\/micrositios\/sea\/organo-de-gobierno\/","title":{"rendered":"\u00d3rgano de Gobierno"},"content":{"rendered":"\n<h2>VIDEOS DE SESIONES DEL A\u00d1O 2022<\/h2>\n\n\n\n<figure class=\"wp-block-image size-large\"><a href=\"https:\/\/www.itei.org.mx\/v3\/micrositios\/sea\/wp-content\/uploads\/2023\/01\/4sesion2022_organo_gobierno.jpg\"><img loading=\"lazy\" width=\"1024\" height=\"576\" src=\"https:\/\/www.itei.org.mx\/v3\/micrositios\/sea\/wp-content\/uploads\/2023\/01\/4sesion2022_organo_gobierno-1024x576.jpg\" alt=\"\" class=\"wp-image-1007\" srcset=\"https:\/\/www.itei.org.mx\/v3\/micrositios\/sea\/wp-content\/uploads\/2023\/01\/4sesion2022_organo_gobierno-1024x576.jpg 1024w, https:\/\/www.itei.org.mx\/v3\/micrositios\/sea\/wp-content\/uploads\/2023\/01\/4sesion2022_organo_gobierno-300x169.jpg 300w, https:\/\/www.itei.org.mx\/v3\/micrositios\/sea\/wp-content\/uploads\/2023\/01\/4sesion2022_organo_gobierno-768x432.jpg 768w, https:\/\/www.itei.org.mx\/v3\/micrositios\/sea\/wp-content\/uploads\/2023\/01\/4sesion2022_organo_gobierno.jpg 1200w\" sizes=\"(max-width: 767px) 89vw, (max-width: 1000px) 54vw, (max-width: 1071px) 543px, 580px\" \/><\/a><figcaption><em>Cuarta Sesi\u00f3n Ordinaria 29 de noviembre del 2022<\/em><br><a href=\"https:\/\/www.youtube.com\/watch?v=wNX5X_7obnA\" target=\"_blank\" rel=\"noreferrer noopener\">https:\/\/www.youtube.com\/watch<\/a><\/figcaption><\/figure>\n\n\n\n<figure class=\"wp-block-image size-large\"><a href=\"https:\/\/www.itei.org.mx\/v3\/micrositios\/sea\/wp-content\/uploads\/2022\/11\/Screen-Shot-2022-11-01-at-11.24.04-AM.png\"><img loading=\"lazy\" width=\"1024\" height=\"576\" src=\"https:\/\/www.itei.org.mx\/v3\/micrositios\/sea\/wp-content\/uploads\/2022\/11\/Screen-Shot-2022-11-01-at-11.24.04-AM-1024x576.png\" alt=\"\" class=\"wp-image-920\" srcset=\"https:\/\/www.itei.org.mx\/v3\/micrositios\/sea\/wp-content\/uploads\/2022\/11\/Screen-Shot-2022-11-01-at-11.24.04-AM-1024x576.png 1024w, https:\/\/www.itei.org.mx\/v3\/micrositios\/sea\/wp-content\/uploads\/2022\/11\/Screen-Shot-2022-11-01-at-11.24.04-AM-300x169.png 300w, https:\/\/www.itei.org.mx\/v3\/micrositios\/sea\/wp-content\/uploads\/2022\/11\/Screen-Shot-2022-11-01-at-11.24.04-AM-768x432.png 768w, https:\/\/www.itei.org.mx\/v3\/micrositios\/sea\/wp-content\/uploads\/2022\/11\/Screen-Shot-2022-11-01-at-11.24.04-AM-1536x864.png 1536w, https:\/\/www.itei.org.mx\/v3\/micrositios\/sea\/wp-content\/uploads\/2022\/11\/Screen-Shot-2022-11-01-at-11.24.04-AM.png 1920w\" sizes=\"(max-width: 767px) 89vw, (max-width: 1000px) 54vw, (max-width: 1071px) 543px, 580px\" \/><\/a><figcaption><em>Tercera Sesi\u00f3n Ordinaria 18 de agosto del 2022<\/em><br><a href=\"https:\/\/youtu.be\/qVvQtSCX4fE\" target=\"_blank\" rel=\"noreferrer noopener\">https:\/\/www.youtube.com\/watch<\/a><\/figcaption><\/figure>\n\n\n\n<figure class=\"wp-block-image size-large\"><a href=\"https:\/\/www.itei.org.mx\/v3\/micrositios\/sea\/wp-content\/uploads\/2022\/11\/Screen-Shot-2022-11-01-at-11.22.58-AM.png\"><img loading=\"lazy\" width=\"1024\" height=\"576\" src=\"https:\/\/www.itei.org.mx\/v3\/micrositios\/sea\/wp-content\/uploads\/2022\/11\/Screen-Shot-2022-11-01-at-11.22.58-AM-1024x576.png\" alt=\"\" class=\"wp-image-918\" srcset=\"https:\/\/www.itei.org.mx\/v3\/micrositios\/sea\/wp-content\/uploads\/2022\/11\/Screen-Shot-2022-11-01-at-11.22.58-AM-1024x576.png 1024w, https:\/\/www.itei.org.mx\/v3\/micrositios\/sea\/wp-content\/uploads\/2022\/11\/Screen-Shot-2022-11-01-at-11.22.58-AM-300x169.png 300w, https:\/\/www.itei.org.mx\/v3\/micrositios\/sea\/wp-content\/uploads\/2022\/11\/Screen-Shot-2022-11-01-at-11.22.58-AM-768x432.png 768w, https:\/\/www.itei.org.mx\/v3\/micrositios\/sea\/wp-content\/uploads\/2022\/11\/Screen-Shot-2022-11-01-at-11.22.58-AM-1536x864.png 1536w, https:\/\/www.itei.org.mx\/v3\/micrositios\/sea\/wp-content\/uploads\/2022\/11\/Screen-Shot-2022-11-01-at-11.22.58-AM.png 1920w\" sizes=\"(max-width: 767px) 89vw, (max-width: 1000px) 54vw, (max-width: 1071px) 543px, 580px\" \/><\/a><figcaption><em>Tercera Sesi\u00f3n Ordinaria 11 de agosto del 2022 &#8211; sin qu\u00f3rum<\/em><br><a href=\"https:\/\/youtu.be\/VcVnTxxisiA\" target=\"_blank\" rel=\"noreferrer noopener\">https:\/\/www.youtube.com\/watch<\/a><\/figcaption><\/figure>\n\n\n\n<figure class=\"wp-block-image size-large\"><a href=\"https:\/\/www.itei.org.mx\/v3\/micrositios\/sea\/wp-content\/uploads\/2022\/11\/Screen-Shot-2022-11-01-at-11.20.57-AM.png\"><img loading=\"lazy\" width=\"1024\" height=\"576\" src=\"https:\/\/www.itei.org.mx\/v3\/micrositios\/sea\/wp-content\/uploads\/2022\/11\/Screen-Shot-2022-11-01-at-11.20.57-AM-1024x576.png\" alt=\"\" class=\"wp-image-917\" srcset=\"https:\/\/www.itei.org.mx\/v3\/micrositios\/sea\/wp-content\/uploads\/2022\/11\/Screen-Shot-2022-11-01-at-11.20.57-AM-1024x576.png 1024w, https:\/\/www.itei.org.mx\/v3\/micrositios\/sea\/wp-content\/uploads\/2022\/11\/Screen-Shot-2022-11-01-at-11.20.57-AM-300x169.png 300w, https:\/\/www.itei.org.mx\/v3\/micrositios\/sea\/wp-content\/uploads\/2022\/11\/Screen-Shot-2022-11-01-at-11.20.57-AM-768x432.png 768w, https:\/\/www.itei.org.mx\/v3\/micrositios\/sea\/wp-content\/uploads\/2022\/11\/Screen-Shot-2022-11-01-at-11.20.57-AM-1536x864.png 1536w, https:\/\/www.itei.org.mx\/v3\/micrositios\/sea\/wp-content\/uploads\/2022\/11\/Screen-Shot-2022-11-01-at-11.20.57-AM.png 1920w\" sizes=\"(max-width: 767px) 89vw, (max-width: 1000px) 54vw, (max-width: 1071px) 543px, 580px\" \/><\/a><figcaption><em>Segunda Sesi\u00f3n Ordinaria 31 de marzo el 2022<\/em><br><a href=\"https:\/\/www.youtube.com\/watch?v=KHWExWSTha0\" target=\"_blank\" rel=\"noreferrer noopener\">https:\/\/www.youtube.com\/watch<\/a><\/figcaption><\/figure>\n\n\n\n<figure class=\"wp-block-image size-large\"><a href=\"https:\/\/www.itei.org.mx\/v3\/micrositios\/sea\/wp-content\/uploads\/2022\/11\/Screen-Shot-2022-11-01-at-11.25.48-AM.png\"><img loading=\"lazy\" width=\"1024\" height=\"576\" src=\"https:\/\/www.itei.org.mx\/v3\/micrositios\/sea\/wp-content\/uploads\/2022\/11\/Screen-Shot-2022-11-01-at-11.25.48-AM-1024x576.png\" alt=\"\" class=\"wp-image-923\" srcset=\"https:\/\/www.itei.org.mx\/v3\/micrositios\/sea\/wp-content\/uploads\/2022\/11\/Screen-Shot-2022-11-01-at-11.25.48-AM-1024x576.png 1024w, https:\/\/www.itei.org.mx\/v3\/micrositios\/sea\/wp-content\/uploads\/2022\/11\/Screen-Shot-2022-11-01-at-11.25.48-AM-300x169.png 300w, https:\/\/www.itei.org.mx\/v3\/micrositios\/sea\/wp-content\/uploads\/2022\/11\/Screen-Shot-2022-11-01-at-11.25.48-AM-768x432.png 768w, https:\/\/www.itei.org.mx\/v3\/micrositios\/sea\/wp-content\/uploads\/2022\/11\/Screen-Shot-2022-11-01-at-11.25.48-AM-1536x864.png 1536w, https:\/\/www.itei.org.mx\/v3\/micrositios\/sea\/wp-content\/uploads\/2022\/11\/Screen-Shot-2022-11-01-at-11.25.48-AM.png 1920w\" sizes=\"(max-width: 767px) 89vw, (max-width: 1000px) 54vw, (max-width: 1071px) 543px, 580px\" \/><\/a><figcaption><em>Primera Sesi\u00f3n Ordinaria 27 de enero 2022<\/em><br><a href=\"https:\/\/youtu.be\/wD-ceof8HnM\" target=\"_blank\" rel=\"noreferrer noopener\">https:\/\/www.youtube.com\/watch<\/a><\/figcaption><\/figure>\n\n\n\n<h2>VIDEOS DE SESIONES DEL A\u00d1O 2021<\/h2>\n\n\n\n<figure class=\"wp-block-image size-large\"><a href=\"http:\/\/www.itei.org.mx\/v3\/micrositios\/sea\/wp-content\/uploads\/2022\/11\/Screen-Shot-2022-11-01-at-11.07.24-AM.png\"><img loading=\"lazy\" width=\"1024\" height=\"576\" src=\"http:\/\/www.itei.org.mx\/v3\/micrositios\/sea\/wp-content\/uploads\/2022\/11\/Screen-Shot-2022-11-01-at-11.07.24-AM-1024x576.png\" alt=\"\" class=\"wp-image-910\" srcset=\"https:\/\/www.itei.org.mx\/v3\/micrositios\/sea\/wp-content\/uploads\/2022\/11\/Screen-Shot-2022-11-01-at-11.07.24-AM-1024x576.png 1024w, https:\/\/www.itei.org.mx\/v3\/micrositios\/sea\/wp-content\/uploads\/2022\/11\/Screen-Shot-2022-11-01-at-11.07.24-AM-300x169.png 300w, https:\/\/www.itei.org.mx\/v3\/micrositios\/sea\/wp-content\/uploads\/2022\/11\/Screen-Shot-2022-11-01-at-11.07.24-AM-768x432.png 768w, https:\/\/www.itei.org.mx\/v3\/micrositios\/sea\/wp-content\/uploads\/2022\/11\/Screen-Shot-2022-11-01-at-11.07.24-AM-1536x864.png 1536w, https:\/\/www.itei.org.mx\/v3\/micrositios\/sea\/wp-content\/uploads\/2022\/11\/Screen-Shot-2022-11-01-at-11.07.24-AM.png 1920w\" sizes=\"(max-width: 767px) 89vw, (max-width: 1000px) 54vw, (max-width: 1071px) 543px, 580px\" \/><\/a><figcaption><em>Cuarta Sesi\u00f3n Ordinaria 29 de noviembre 2021<\/em><br><a href=\"https:\/\/www.youtube.com\/watch?v=xeKSyieNxKg\" target=\"_blank\" rel=\"noreferrer noopener\">https:\/\/www.youtube.com\/watch<\/a><\/figcaption><\/figure>\n\n\n\n<figure class=\"wp-block-image size-large\"><a href=\"http:\/\/www.itei.org.mx\/v3\/micrositios\/sea\/wp-content\/uploads\/2021\/12\/Captura.png\"><img loading=\"lazy\" width=\"1024\" height=\"576\" src=\"http:\/\/www.itei.org.mx\/v3\/micrositios\/sea\/wp-content\/uploads\/2021\/12\/Captura-1024x576.png\" alt=\"\" class=\"wp-image-861\" srcset=\"https:\/\/www.itei.org.mx\/v3\/micrositios\/sea\/wp-content\/uploads\/2021\/12\/Captura-1024x576.png 1024w, https:\/\/www.itei.org.mx\/v3\/micrositios\/sea\/wp-content\/uploads\/2021\/12\/Captura-300x169.png 300w, https:\/\/www.itei.org.mx\/v3\/micrositios\/sea\/wp-content\/uploads\/2021\/12\/Captura-768x432.png 768w, https:\/\/www.itei.org.mx\/v3\/micrositios\/sea\/wp-content\/uploads\/2021\/12\/Captura.png 1366w\" sizes=\"(max-width: 767px) 89vw, (max-width: 1000px) 54vw, (max-width: 1071px) 543px, 580px\" \/><\/a><figcaption><em>Cuarta Sesi\u00f3n Ordinaria 29 de noviembre 2021<\/em><br><a href=\"https:\/\/www.youtube.com\/watch?v=xeKSyieNxKg\" target=\"_blank\" rel=\"noreferrer noopener\">https:\/\/www.youtube.com\/watch<\/a><\/figcaption><\/figure>\n\n\n\n<figure class=\"wp-block-image size-large\"><a href=\"http:\/\/www.itei.org.mx\/v3\/micrositios\/sea\/wp-content\/uploads\/2021\/12\/Captura.png\"><img loading=\"lazy\" width=\"1024\" height=\"576\" src=\"http:\/\/www.itei.org.mx\/v3\/micrositios\/sea\/wp-content\/uploads\/2021\/12\/Captura-1024x576.png\" alt=\"\" class=\"wp-image-861\" srcset=\"https:\/\/www.itei.org.mx\/v3\/micrositios\/sea\/wp-content\/uploads\/2021\/12\/Captura-1024x576.png 1024w, https:\/\/www.itei.org.mx\/v3\/micrositios\/sea\/wp-content\/uploads\/2021\/12\/Captura-300x169.png 300w, https:\/\/www.itei.org.mx\/v3\/micrositios\/sea\/wp-content\/uploads\/2021\/12\/Captura-768x432.png 768w, https:\/\/www.itei.org.mx\/v3\/micrositios\/sea\/wp-content\/uploads\/2021\/12\/Captura.png 1366w\" sizes=\"(max-width: 767px) 89vw, (max-width: 1000px) 54vw, (max-width: 1071px) 543px, 580px\" \/><\/a><figcaption>Tercera<em> Sesi\u00f3n Ordinaria del 12 de agosto de 2021<\/em><br><a href=\"https:\/\/www.youtube.com\/watch?v=O9dqQZxrsZs\">https:\/\/www.youtube.com\/watch<\/a><\/figcaption><\/figure>\n\n\n\n<figure class=\"wp-block-image size-large is-resized\"><a href=\"https:\/\/www.itei.org.mx\/v3\/micrositios\/sea\/wp-content\/uploads\/2021\/06\/4ta.-Sesion-Extr.-OG-2021.png\"><img loading=\"lazy\" src=\"https:\/\/www.itei.org.mx\/v3\/micrositios\/sea\/wp-content\/uploads\/2021\/06\/4ta.-Sesion-Extr.-OG-2021-1024x577.png\" alt=\"\" class=\"wp-image-836\" width=\"545\" height=\"307\" srcset=\"https:\/\/www.itei.org.mx\/v3\/micrositios\/sea\/wp-content\/uploads\/2021\/06\/4ta.-Sesion-Extr.-OG-2021-1024x577.png 1024w, https:\/\/www.itei.org.mx\/v3\/micrositios\/sea\/wp-content\/uploads\/2021\/06\/4ta.-Sesion-Extr.-OG-2021-300x169.png 300w, https:\/\/www.itei.org.mx\/v3\/micrositios\/sea\/wp-content\/uploads\/2021\/06\/4ta.-Sesion-Extr.-OG-2021-768x433.png 768w, https:\/\/www.itei.org.mx\/v3\/micrositios\/sea\/wp-content\/uploads\/2021\/06\/4ta.-Sesion-Extr.-OG-2021.png 1280w\" sizes=\"(max-width: 545px) 100vw, 545px\" \/><\/a><figcaption><em>Cuarta Sesi\u00f3n Extraordinaria del 28 de junio de 2021<\/em><br><a href=\"https:\/\/www.youtube.com\/watch?v=1teXXKTOivw\">https:\/\/www.youtube.com\/watch<\/a><\/figcaption><\/figure>\n\n\n\n<figure class=\"wp-block-image size-large is-resized\"><a href=\"http:\/\/www.itei.org.mx\/v3\/micrositios\/sea\/wp-content\/uploads\/2021\/06\/3er-Sesion-Extr-OG-2021.png\"><img loading=\"lazy\" src=\"http:\/\/www.itei.org.mx\/v3\/micrositios\/sea\/wp-content\/uploads\/2021\/06\/3er-Sesion-Extr-OG-2021.png\" alt=\"\" class=\"wp-image-780\" width=\"545\" height=\"307\" srcset=\"https:\/\/www.itei.org.mx\/v3\/micrositios\/sea\/wp-content\/uploads\/2021\/06\/3er-Sesion-Extr-OG-2021.png 726w, https:\/\/www.itei.org.mx\/v3\/micrositios\/sea\/wp-content\/uploads\/2021\/06\/3er-Sesion-Extr-OG-2021-300x169.png 300w\" sizes=\"(max-width: 545px) 100vw, 545px\" \/><\/a><figcaption><em>Tercera Sesi\u00f3n Extraordinaria del 20 de mayo de 2021<\/em><br><a href=\"https:\/\/www.youtube.com\/watch?v=3fuYz3ysqNg\">https:\/\/www.youtube.com\/watch<\/a><\/figcaption><\/figure>\n\n\n\n<figure class=\"wp-block-image size-large is-resized\"><a href=\"http:\/\/www.itei.org.mx\/v3\/micrositios\/sea\/wp-content\/uploads\/2021\/06\/2er-Sesion-Extr-OG-2021.png\"><img loading=\"lazy\" src=\"http:\/\/www.itei.org.mx\/v3\/micrositios\/sea\/wp-content\/uploads\/2021\/06\/2er-Sesion-Extr-OG-2021.png\" alt=\"\" class=\"wp-image-782\" width=\"545\" height=\"304\" srcset=\"https:\/\/www.itei.org.mx\/v3\/micrositios\/sea\/wp-content\/uploads\/2021\/06\/2er-Sesion-Extr-OG-2021.png 726w, https:\/\/www.itei.org.mx\/v3\/micrositios\/sea\/wp-content\/uploads\/2021\/06\/2er-Sesion-Extr-OG-2021-300x167.png 300w\" sizes=\"(max-width: 545px) 100vw, 545px\" \/><\/a><figcaption><em>Segunda Sesi\u00f3n Extraordinaria del 26 de abril de 2021<\/em><br><a href=\"https:\/\/www.youtube.com\/watch?v=TQ2QUpzO_9g\">https:\/\/www.youtube.com\/watch<\/a><\/figcaption><\/figure>\n\n\n\n<figure class=\"wp-block-image size-large is-resized\"><a href=\"http:\/\/www.itei.org.mx\/v3\/micrositios\/sea\/wp-content\/uploads\/2021\/06\/1er-Sesion-Extr-OG-2021.png\"><img loading=\"lazy\" src=\"http:\/\/www.itei.org.mx\/v3\/micrositios\/sea\/wp-content\/uploads\/2021\/06\/1er-Sesion-Extr-OG-2021.png\" alt=\"\" class=\"wp-image-784\" width=\"545\" height=\"306\" srcset=\"https:\/\/www.itei.org.mx\/v3\/micrositios\/sea\/wp-content\/uploads\/2021\/06\/1er-Sesion-Extr-OG-2021.png 726w, https:\/\/www.itei.org.mx\/v3\/micrositios\/sea\/wp-content\/uploads\/2021\/06\/1er-Sesion-Extr-OG-2021-300x169.png 300w\" sizes=\"(max-width: 545px) 100vw, 545px\" \/><\/a><figcaption><em>Primera Sesi\u00f3n Extraordinaria del 08 de marzo de 2021<\/em><br><a href=\"https:\/\/www.youtube.com\/watch?v=FxDZfD7Q8C4\">https:\/\/www.youtube.com\/watch<\/a><\/figcaption><\/figure>\n\n\n\n<figure class=\"wp-block-image size-large is-resized\"><a href=\"http:\/\/www.itei.org.mx\/v3\/micrositios\/sea\/wp-content\/uploads\/2021\/06\/2da-Sesion-Ordinaria-OG-2021.png\"><img loading=\"lazy\" src=\"http:\/\/www.itei.org.mx\/v3\/micrositios\/sea\/wp-content\/uploads\/2021\/06\/2da-Sesion-Ordinaria-OG-2021.png\" alt=\"\" class=\"wp-image-786\" width=\"545\" height=\"306\" srcset=\"https:\/\/www.itei.org.mx\/v3\/micrositios\/sea\/wp-content\/uploads\/2021\/06\/2da-Sesion-Ordinaria-OG-2021.png 726w, https:\/\/www.itei.org.mx\/v3\/micrositios\/sea\/wp-content\/uploads\/2021\/06\/2da-Sesion-Ordinaria-OG-2021-300x169.png 300w\" sizes=\"(max-width: 545px) 100vw, 545px\" \/><\/a><figcaption><em>Segunda Sesi\u00f3n Ordinaria del 22 de febrero de 2021<\/em><br><a href=\"https:\/\/www.youtube.com\/watch?v=KNk4JEk2wzA\">https:\/\/www.youtube.com\/watch<\/a><\/figcaption><\/figure>\n\n\n\n<figure class=\"wp-block-image size-large is-resized\"><a href=\"http:\/\/www.itei.org.mx\/v3\/micrositios\/sea\/wp-content\/uploads\/2021\/06\/1ra-Sesion-Ordinaria-OG-2021.png\"><img loading=\"lazy\" src=\"http:\/\/www.itei.org.mx\/v3\/micrositios\/sea\/wp-content\/uploads\/2021\/06\/1ra-Sesion-Ordinaria-OG-2021.png\" alt=\"\" class=\"wp-image-788\" width=\"546\" height=\"256\" srcset=\"https:\/\/www.itei.org.mx\/v3\/micrositios\/sea\/wp-content\/uploads\/2021\/06\/1ra-Sesion-Ordinaria-OG-2021.png 728w, https:\/\/www.itei.org.mx\/v3\/micrositios\/sea\/wp-content\/uploads\/2021\/06\/1ra-Sesion-Ordinaria-OG-2021-300x141.png 300w\" sizes=\"(max-width: 546px) 100vw, 546px\" \/><\/a><figcaption><em>Primera Sesi\u00f3n Ordinaria del 18 de enero de 2021<\/em><br><a href=\"https:\/\/www.youtube.com\/watch?v=ezVoO_jrr58\">https:\/\/www.youtube.com\/watch<\/a><\/figcaption><\/figure>\n\n\n\n<h2>VIDEOS DE SESIONES DEL A\u00d1O 2020<\/h2>\n\n\n\n<figure class=\"wp-block-image size-large is-resized\"><a href=\"http:\/\/www.itei.org.mx\/v3\/micrositios\/sea\/wp-content\/uploads\/2021\/06\/4ta-SO-OG-2020.png\"><img loading=\"lazy\" src=\"http:\/\/www.itei.org.mx\/v3\/micrositios\/sea\/wp-content\/uploads\/2021\/06\/4ta-SO-OG-2020.png\" alt=\"\" class=\"wp-image-789\" width=\"544\" height=\"262\" srcset=\"https:\/\/www.itei.org.mx\/v3\/micrositios\/sea\/wp-content\/uploads\/2021\/06\/4ta-SO-OG-2020.png 725w, https:\/\/www.itei.org.mx\/v3\/micrositios\/sea\/wp-content\/uploads\/2021\/06\/4ta-SO-OG-2020-300x144.png 300w\" sizes=\"(max-width: 544px) 100vw, 544px\" \/><\/a><figcaption><em>Cuarta Sesi\u00f3n Ordinaria del 30 de noviembre de 2020<\/em><br><a href=\"https:\/\/www.youtube.com\/watch?v=XVg0yIow1ug\">https:\/\/www.youtube.com\/watch<\/a><\/figcaption><\/figure>\n\n\n\n<figure class=\"wp-block-image size-large is-resized\"><a href=\"http:\/\/www.itei.org.mx\/v3\/micrositios\/sea\/wp-content\/uploads\/2021\/06\/3ta-SO-OG-2020.png\"><img loading=\"lazy\" src=\"http:\/\/www.itei.org.mx\/v3\/micrositios\/sea\/wp-content\/uploads\/2021\/06\/3ta-SO-OG-2020.png\" alt=\"\" class=\"wp-image-791\" width=\"547\" height=\"260\" srcset=\"https:\/\/www.itei.org.mx\/v3\/micrositios\/sea\/wp-content\/uploads\/2021\/06\/3ta-SO-OG-2020.png 729w, https:\/\/www.itei.org.mx\/v3\/micrositios\/sea\/wp-content\/uploads\/2021\/06\/3ta-SO-OG-2020-300x143.png 300w\" sizes=\"(max-width: 547px) 100vw, 547px\" \/><\/a><figcaption><em>Tercera Sesi\u00f3n Ordinaria del 26 de octubre de 2020<\/em><br><a href=\"https:\/\/www.youtube.com\/watch?v=CDdAzOH9aqM\">https:\/\/www.youtube.com\/watch<\/a><\/figcaption><\/figure>\n\n\n\n<figure class=\"wp-block-image size-large is-resized\"><a href=\"http:\/\/www.itei.org.mx\/v3\/micrositios\/sea\/wp-content\/uploads\/2021\/06\/Tercera-Sesion-Ordinaria-20200810.png\"><img loading=\"lazy\" src=\"http:\/\/www.itei.org.mx\/v3\/micrositios\/sea\/wp-content\/uploads\/2021\/06\/Tercera-Sesion-Ordinaria-20200810.png\" alt=\"\" class=\"wp-image-737\" width=\"547\" height=\"279\"\/><\/a><figcaption><em>Segunda Sesi\u00f3n Ordinaria del 10 de agosto de 2020<\/em><br><a href=\"https:\/\/www.youtube.com\/watch?v=p2asN20M7ds\">https:\/\/www.youtube.com\/watch<\/a><\/figcaption><\/figure>\n\n\n\n<figure class=\"wp-block-image size-large is-resized\"><a href=\"http:\/\/www.itei.org.mx\/v3\/micrositios\/sea\/wp-content\/uploads\/2020\/08\/DSC_0102-scaled.jpg\"><img loading=\"lazy\" src=\"http:\/\/www.itei.org.mx\/v3\/micrositios\/sea\/wp-content\/uploads\/2020\/08\/DSC_0102-1024x683.jpg\" alt=\"\" class=\"wp-image-647\" width=\"547\" height=\"314\"\/><\/a><figcaption>Cuarta <em>Sesi\u00f3n Extraordinaria del 09 de junio de 2020<\/em><br><a href=\"https:\/\/www.youtube.com\/watch?v=Es2kkfpi2No&amp;list=PLE_ryYQEIQ9VenYMsxotRxgDKhYuhUGlC&amp;index=5\">https:\/\/www.youtube.com\/watch<\/a><\/figcaption><\/figure>\n\n\n\n<figure class=\"wp-block-image size-large is-resized\"><a href=\"http:\/\/www.itei.org.mx\/v3\/micrositios\/sea\/wp-content\/uploads\/2020\/08\/3SEOG.png\"><img loading=\"lazy\" src=\"http:\/\/www.itei.org.mx\/v3\/micrositios\/sea\/wp-content\/uploads\/2020\/08\/3SEOG-1024x576.png\" alt=\"\" class=\"wp-image-650\" width=\"547\" height=\"288\"\/><\/a><figcaption><em>Tercera Sesi\u00f3n Extraordinaria del 14 de mayo de 2020<\/em><br><a href=\"https:\/\/www.youtube.com\/watch?v=JL5mZvB-wJk\">https:\/\/www.youtube.com\/watch<\/a><\/figcaption><\/figure>\n\n\n\n<figure class=\"wp-block-image size-large is-resized\"><a href=\"http:\/\/www.itei.org.mx\/v3\/micrositios\/sea\/wp-content\/uploads\/2020\/08\/2-SE-del-OG.jpg\"><img loading=\"lazy\" src=\"http:\/\/www.itei.org.mx\/v3\/micrositios\/sea\/wp-content\/uploads\/2020\/08\/2-SE-del-OG-1024x576.jpg\" alt=\"\" class=\"wp-image-651\" width=\"547\" height=\"288\"\/><\/a><figcaption>Segunda Sesi\u00f3n Extraordinaria del 04 de mayo de 2020<br><a href=\"https:\/\/www.youtube.com\/watch?v=JTXZWUmJ33g\">https:\/\/www.youtube.com\/watch<\/a><\/figcaption><\/figure>\n\n\n\n<p><br><\/p>\n","protected":false},"excerpt":{"rendered":"<p>VIDEOS DE SESIONES DEL A\u00d1O 2022 VIDEOS DE SESIONES DEL A\u00d1O 2021 VIDEOS DE SESIONES DEL A\u00d1O 2020<\/p>\n","protected":false},"author":2,"featured_media":0,"parent":0,"menu_order":0,"comment_status":"closed","ping_status":"closed","template":"","meta":[],"_links":{"self":[{"href":"https:\/\/www.itei.org.mx\/v3\/micrositios\/sea\/wp-json\/wp\/v2\/pages\/609"}],"collection":[{"href":"https:\/\/www.itei.org.mx\/v3\/micrositios\/sea\/wp-json\/wp\/v2\/pages"}],"about":[{"href":"https:\/\/www.itei.org.mx\/v3\/micrositios\/sea\/wp-json\/wp\/v2\/types\/page"}],"author":[{"embeddable":true,"href":"https:\/\/www.itei.org.mx\/v3\/micrositios\/sea\/wp-json\/wp\/v2\/users\/2"}],"replies":[{"embeddable":true,"href":"https:\/\/www.itei.org.mx\/v3\/micrositios\/sea\/wp-json\/wp\/v2\/comments?post=609"}],"version-history":[{"count":19,"href":"https:\/\/www.itei.org.mx\/v3\/micrositios\/sea\/wp-json\/wp\/v2\/pages\/609\/revisions"}],"predecessor-version":[{"id":1008,"href":"https:\/\/www.itei.org.mx\/v3\/micrositios\/sea\/wp-json\/wp\/v2\/pages\/609\/revisions\/1008"}],"wp:attachment":[{"href":"https:\/\/www.itei.org.mx\/v3\/micrositios\/sea\/wp-json\/wp\/v2\/media?parent=609"}],"curies":[{"name":"wp","href":"https:\/\/api.w.org\/{rel}","templated":true}]}}