{"id":49,"date":"2018-11-16T17:12:54","date_gmt":"2018-11-16T17:12:54","guid":{"rendered":"http:\/\/www.itei.org.mx\/v3\/micrositios\/sea\/?page_id=49"},"modified":"2019-08-05T13:33:57","modified_gmt":"2019-08-05T18:33:57","slug":"cuales-atribuciones-tiene","status":"publish","type":"page","link":"https:\/\/www.itei.org.mx\/v3\/micrositios\/sea\/organo-de-gobierno-de-la-secretaria-ejecutiva-del-seajal\/cuales-atribuciones-tiene\/","title":{"rendered":"\u00bfCu\u00e1les atribuciones tiene?"},"content":{"rendered":"<p>Las atribuciones del \u00d3rgano de Gobierno, se encuentran en el art\u00edculo 29, de la Ley del Sistema Anticorrupci\u00f3n del Estado de Jalisco, y en el art\u00edculo 74, de la Ley Org\u00e1nica del Poder Ejecutivo del Estado de Jalisco que rigen las juntas de gobierno, salvo aquellas que correspondan a otro \u00f3rgano y el art\u00edculo 13, del Estatuto Org\u00e1nico de la Secretar\u00eda Ejecutiva del Sistema Estatal Anticorrupci\u00f3n del Estado de Jalisco.<\/p>\n<p>Dentro de sus atribuciones, se encuentran las siguientes:<\/p>\n<ul>\n<li>Nombrar y remover al Secretario T\u00e9cnico;<\/li>\n<li>Aprobar el Estatuto Org\u00e1nico;<\/li>\n<li>Aprobar el proyecto de Presupuesto de Egresos;<\/li>\n<li>Aprobar la plantilla de personal;<\/li>\n<li>Aprobar el Plan Institucional y los programas operativos anuales;<\/li>\n<li>Aprobar las pol\u00edticas generales de la Secretar\u00eda Ejecutiva.<\/li>\n<\/ul>\n","protected":false},"excerpt":{"rendered":"<p>Las atribuciones del \u00d3rgano de Gobierno, se encuentran en el art\u00edculo 29, de la Ley del Sistema Anticorrupci\u00f3n del Estado de Jalisco, y en el art\u00edculo 74, de la Ley Org\u00e1nica del Poder Ejecutivo del Estado de Jalisco que rigen las juntas de gobierno, salvo aquellas que correspondan a otro \u00f3rgano y el art\u00edculo 13, &hellip; <\/p>\n<p class=\"link-more\"><a href=\"https:\/\/www.itei.org.mx\/v3\/micrositios\/sea\/organo-de-gobierno-de-la-secretaria-ejecutiva-del-seajal\/cuales-atribuciones-tiene\/\" class=\"more-link\">Continuar leyendo<span class=\"screen-reader-text\"> \u00ab\u00bfCu\u00e1les atribuciones tiene?\u00bb<\/span><\/a><\/p>\n","protected":false},"author":1,"featured_media":0,"parent":44,"menu_order":0,"comment_status":"closed","ping_status":"closed","template":"","meta":[],"_links":{"self":[{"href":"https:\/\/www.itei.org.mx\/v3\/micrositios\/sea\/wp-json\/wp\/v2\/pages\/49"}],"collection":[{"href":"https:\/\/www.itei.org.mx\/v3\/micrositios\/sea\/wp-json\/wp\/v2\/pages"}],"about":[{"href":"https:\/\/www.itei.org.mx\/v3\/micrositios\/sea\/wp-json\/wp\/v2\/types\/page"}],"author":[{"embeddable":true,"href":"https:\/\/www.itei.org.mx\/v3\/micrositios\/sea\/wp-json\/wp\/v2\/users\/1"}],"replies":[{"embeddable":true,"href":"https:\/\/www.itei.org.mx\/v3\/micrositios\/sea\/wp-json\/wp\/v2\/comments?post=49"}],"version-history":[{"count":4,"href":"https:\/\/www.itei.org.mx\/v3\/micrositios\/sea\/wp-json\/wp\/v2\/pages\/49\/revisions"}],"predecessor-version":[{"id":463,"href":"https:\/\/www.itei.org.mx\/v3\/micrositios\/sea\/wp-json\/wp\/v2\/pages\/49\/revisions\/463"}],"up":[{"embeddable":true,"href":"https:\/\/www.itei.org.mx\/v3\/micrositios\/sea\/wp-json\/wp\/v2\/pages\/44"}],"wp:attachment":[{"href":"https:\/\/www.itei.org.mx\/v3\/micrositios\/sea\/wp-json\/wp\/v2\/media?parent=49"}],"curies":[{"name":"wp","href":"https:\/\/api.w.org\/{rel}","templated":true}]}}