{"id":782,"date":"2020-05-18T11:28:45","date_gmt":"2020-05-18T16:28:45","guid":{"rendered":"https:\/\/www.itei.org.mx\/v3\/micrositios\/cdc\/?page_id=782"},"modified":"2025-08-21T12:26:23","modified_gmt":"2025-08-21T17:26:23","slug":"numeros","status":"publish","type":"page","link":"https:\/\/www.itei.org.mx\/v3\/micrositios\/cdc\/numeros\/","title":{"rendered":"N\u00fameros"},"content":{"rendered":"<p><a href=\"https:\/\/www.itei.org.mx\/v3\/micrositios\/cdc\/category\/num-20\/\"><img class=\"num_portada alignnone\" title=\"N\u00famero 20 : 20 a\u00f1os\" src=\"https:\/\/www.itei.org.mx\/v3\/micrositios\/cdc\/wp-content\/uploads\/2025\/08\/portada_cdc_20-01-232x300.jpg\" alt=\"\" width=\"232\" height=\"300\" \/><\/a><a href=\"https:\/\/www.itei.org.mx\/v3\/micrositios\/cdc\/category\/num-19\/\"><img class=\"num_portada alignnone\" title=\"N\u00famero 18 : Doctorado IDEJ p.2\" src=\"https:\/\/www.itei.org.mx\/v3\/micrositios\/cdc\/wp-content\/uploads\/2024\/12\/portada_ok_19_2-232x300.jpg\" alt=\"\" width=\"232\" height=\"300\" \/><\/a><a href=\"https:\/\/www.itei.org.mx\/v3\/micrositios\/cdc\/category\/num-18\/\"><img class=\"num_portada alignnone\" title=\"N\u00famero 18 : Doctorado IDEJ p.1\" src=\"https:\/\/www.itei.org.mx\/v3\/micrositios\/cdc\/wp-content\/uploads\/2024\/12\/portada_ok_18_2-232x300.jpg\" alt=\"\" width=\"232\" height=\"300\" \/><\/a><a href=\"https:\/\/www.itei.org.mx\/v3\/micrositios\/cdc\/category\/num-17\/\"><img class=\"num_portada alignnone\" title=\"N\u00famero 17 : 18 a\u00f1os del ITEI\" src=\"https:\/\/www.itei.org.mx\/v3\/micrositios\/cdc\/wp-content\/uploads\/2023\/11\/cdc_17_julio_2023-1-232x300.jpg\" alt=\"\" width=\"232\" height=\"300\" \/><\/a><a href=\"https:\/\/www.itei.org.mx\/v3\/micrositios\/cdc\/category\/num-16\/\"><img class=\"num_portada alignnone\" title=\"N\u00famero 16 : Experiencias y retos en las Unidades de Transparencia\" src=\"https:\/\/www.itei.org.mx\/v3\/micrositios\/cdc\/wp-content\/uploads\/2023\/07\/CDC_16_diciembre_2022-232x300.jpg\" alt=\"\" width=\"232\" height=\"300\" \/><\/a><a href=\"https:\/\/www.itei.org.mx\/v3\/micrositios\/cdc\/category\/num-15\/\"><img class=\"num_portada alignnone\" title=\"N\u00famero 15 : Experiencias y retos en las Unidades de Transparencia\" src=\"https:\/\/www.itei.org.mx\/v3\/micrositios\/cdc\/wp-content\/uploads\/2022\/11\/num15_CDC_diciembre2022-232x300.jpg\" alt=\"\" width=\"232\" height=\"300\" \/><\/a><a href=\"https:\/\/www.itei.org.mx\/v3\/micrositios\/cdc\/category\/num-14\/\"><img class=\"num_portada alignnone\" title=\"N\u00famero 14 : El Acceso a la Informaci\u00f3n durante la Crisis Sanitaria\" src=\"https:\/\/www.itei.org.mx\/v3\/micrositios\/cdc\/wp-content\/uploads\/2022\/08\/num14_CDC_diciembre2021-232x300.jpg\" alt=\"\" width=\"232\" height=\"300\" \/><\/a><a href=\"https:\/\/www.itei.org.mx\/v3\/micrositios\/cdc\/category\/num-13\/\"><img class=\"num_portada alignnone\" title=\"N\u00famero 13 : Especialidad en Gesti\u00f3n, Publicaci\u00f3n y Protecci\u00f3n de Informaci\u00f3n 2\" src=\"https:\/\/www.itei.org.mx\/v3\/micrositios\/cdc\/wp-content\/uploads\/2021\/08\/num13_CDC_julio2021-232x300.jpg\" alt=\"\" width=\"232\" height=\"300\" \/><\/a><a href=\"https:\/\/www.itei.org.mx\/v3\/micrositios\/cdc\/category\/num-12\/\"><img class=\"num_portada alignnone\" title=\"N\u00famero 12 : Especialidad en Gesti\u00f3n, Publicaci\u00f3n y Protecci\u00f3n de Informaci\u00f3n 1\" src=\"https:\/\/www.itei.org.mx\/v3\/micrositios\/cdc\/wp-content\/uploads\/2021\/02\/num12_CDC_diciembre2020-232x300.jpg\" alt=\"\" width=\"232\" height=\"300\" \/><\/a><a href=\"https:\/\/www.itei.org.mx\/v3\/micrositios\/cdc\/category\/num-11\/\"><img class=\"num_portada alignnone\" title=\"N\u00famero 11 : ITEI 15 a\u00f1os\" src=\"https:\/\/www.itei.org.mx\/v3\/micrositios\/cdc\/wp-content\/uploads\/2020\/08\/num11_CDC_agosto2020-232x300.jpg\" alt=\"\" width=\"232\" height=\"300\" \/><\/a><a href=\"https:\/\/www.itei.org.mx\/v3\/micrositios\/cdc\/category\/num-10\/\"><img class=\"num_portada alignnone\" title=\"N\u00famero 10 : Certamen Juvenil de Ensayo en Materia de Derecho a la Informaci\u00f3n y a la Protecci\u00f3n de Datos Personales\" src=\"https:\/\/www.itei.org.mx\/v3\/micrositios\/cdc\/wp-content\/uploads\/2020\/04\/num10_CDC_diciembre2019-232x300.jpg\" alt=\"\" width=\"232\" height=\"300\" \/><\/a><a href=\"https:\/\/www.itei.org.mx\/v3\/micrositios\/cdc\/category\/num-09\/\"><img class=\"num_portada alignnone\" title=\"N\u00famero 9 : La importancia e impacto de las tecnolog\u00edas de la informaci\u00f3n para la difusi\u00f3n y conservaci\u00f3n de la informaci\u00f3n p\u00fablica y la protecci\u00f3n de datos personales\" src=\"https:\/\/www.itei.org.mx\/v3\/micrositios\/cdc\/wp-content\/uploads\/2020\/04\/num9_CDC_junio2019-232x300.jpg\" alt=\"\" width=\"232\" height=\"300\" \/><\/a><a href=\"https:\/\/www.itei.org.mx\/v3\/micrositios\/cdc\/category\/num-08\/\"><img class=\"num_portada alignnone\" title=\"N\u00famero 8 : Resoluciones Relevantes de \u00d3rganos Garantes de Transparencia en M\u00e9xico\" src=\"https:\/\/www.itei.org.mx\/v3\/micrositios\/cdc\/wp-content\/uploads\/2020\/04\/num8_CDC_diciembre2018-232x300.jpg\" alt=\"\" width=\"232\" height=\"300\" \/><\/a><a href=\"https:\/\/www.itei.org.mx\/v3\/micrositios\/cdc\/category\/num-07\/\"><img class=\"num_portada alignnone\" title=\"N\u00famero 7 : Sistema UDG Virtual\" src=\"https:\/\/www.itei.org.mx\/v3\/micrositios\/cdc\/wp-content\/uploads\/2020\/04\/num7_CDC_julio2018-232x300.jpg\" alt=\"\" width=\"232\" height=\"300\" \/><\/a><a href=\"https:\/\/www.itei.org.mx\/v3\/micrositios\/cdc\/category\/num-06\/\"><img class=\"num_portada alignnone\" title=\"N\u00famero 6 : Sistema Anticorrupci\u00f3n del Estado de Jalisco\" src=\"https:\/\/www.itei.org.mx\/v3\/micrositios\/cdc\/wp-content\/uploads\/2020\/04\/num6_CDC_diciembre2017-232x300.jpg\" alt=\"\" width=\"232\" height=\"300\" \/><\/a><a href=\"https:\/\/www.itei.org.mx\/v3\/micrositios\/cdc\/category\/num-05\/\"><img class=\"num_portada alignnone\" title=\"N\u00famero 5 : Plataforma Nacional de Transparencia\" src=\"https:\/\/www.itei.org.mx\/v3\/micrositios\/cdc\/wp-content\/uploads\/2020\/04\/num5_CDC_abril2016-232x300.jpg\" alt=\"\" width=\"232\" height=\"300\" \/><\/a><a href=\"https:\/\/www.itei.org.mx\/v3\/micrositios\/cdc\/category\/num-04\/\"><img class=\"num_portada alignnone\" title=\"N\u00famero 4 : Medios de comunicaci\u00f3n y transparencia\" src=\"https:\/\/www.itei.org.mx\/v3\/micrositios\/cdc\/wp-content\/uploads\/2020\/04\/num4_CDC_diciembre2015-232x300.jpg\" alt=\"\" width=\"232\" height=\"300\" \/><\/a><a href=\"https:\/\/www.itei.org.mx\/v3\/micrositios\/cdc\/category\/num-03\/\"><img class=\"num_portada alignnone\" title=\"N\u00famero 3 : La transparencia y los municipios\" src=\"https:\/\/www.itei.org.mx\/v3\/micrositios\/cdc\/wp-content\/uploads\/2020\/04\/num3_CDC_agosto2015-232x300.jpg\" alt=\"\" width=\"232\" height=\"300\" \/><\/a><a href=\"https:\/\/www.itei.org.mx\/v3\/micrositios\/cdc\/category\/num-02\/\"><img class=\"num_portada alignnone\" title=\"N\u00famero 2 : Trasparencia electoral\" src=\"https:\/\/www.itei.org.mx\/v3\/micrositios\/cdc\/wp-content\/uploads\/2020\/04\/num2_CDC_abril2015-232x300.jpg\" alt=\"\" width=\"232\" height=\"300\" \/><\/a><a href=\"https:\/\/www.itei.org.mx\/v3\/micrositios\/cdc\/category\/num-01\/\"><img class=\"num_portada alignnone\" title=\"N\u00famero 1 : Transparencia\" src=\"https:\/\/www.itei.org.mx\/v3\/micrositios\/cdc\/wp-content\/uploads\/2020\/04\/num1_CDC_diciembre2014-232x300.jpg\" alt=\"\" width=\"232\" height=\"300\" \/><\/a><\/p>\n","protected":false},"excerpt":{"rendered":"","protected":false},"author":1,"featured_media":0,"parent":0,"menu_order":0,"comment_status":"closed","ping_status":"closed","template":"","meta":[],"_links":{"self":[{"href":"https:\/\/www.itei.org.mx\/v3\/micrositios\/cdc\/wp-json\/wp\/v2\/pages\/782"}],"collection":[{"href":"https:\/\/www.itei.org.mx\/v3\/micrositios\/cdc\/wp-json\/wp\/v2\/pages"}],"about":[{"href":"https:\/\/www.itei.org.mx\/v3\/micrositios\/cdc\/wp-json\/wp\/v2\/types\/page"}],"author":[{"embeddable":true,"href":"https:\/\/www.itei.org.mx\/v3\/micrositios\/cdc\/wp-json\/wp\/v2\/users\/1"}],"replies":[{"embeddable":true,"href":"https:\/\/www.itei.org.mx\/v3\/micrositios\/cdc\/wp-json\/wp\/v2\/comments?post=782"}],"version-history":[{"count":49,"href":"https:\/\/www.itei.org.mx\/v3\/micrositios\/cdc\/wp-json\/wp\/v2\/pages\/782\/revisions"}],"predecessor-version":[{"id":1683,"href":"https:\/\/www.itei.org.mx\/v3\/micrositios\/cdc\/wp-json\/wp\/v2\/pages\/782\/revisions\/1683"}],"wp:attachment":[{"href":"https:\/\/www.itei.org.mx\/v3\/micrositios\/cdc\/wp-json\/wp\/v2\/media?parent=782"}],"curies":[{"name":"wp","href":"https:\/\/api.w.org\/{rel}","templated":true}]}}